hest common factor of 45 and u.
15
Let x = -119 + 186. What is the greatest common factor of 402 and x?
67
Suppose -91*w + 33 = -88*w. Calculate the highest common factor of 88 and w.
11
Let b be (-1)/(1/(1 - 14)). Let x be ((-13)/(-2))/((-436)/(-1744)). Calculate the greatest common factor of b and x.
13
Let v(i) = -2*i + 29. Let s be v(-2). Calculate the greatest common divisor of s and 1551.
33
Suppose -5*f + 21 = -0*h + h, 3*h = -5*f + 33. Let s be 4*(h - 0)/3. What is the greatest common factor of s and 56?
8
Let s = 0 - -11. Suppose -c = -5 + 3. Suppose -4*w = -2*w - 4*k - 42, c*k + 10 = 0. Calculate the highest common factor of s and w.
11
Let x be 3*(-1)/(-3) - -34. Suppose 4*w - x - 169 = 0. Let m be 68/(1 + -2 + 3). Calculate the highest common divisor of w and m.
17
Let l = 31 + -28. Let f(h) = -h**3 + l + 0 - 1 + 7*h**2 - 3 + 2*h. Let r be f(7). Calculate the greatest common divisor of 13 and r.
13
Let m(n) = 2*n**3 + 8*n**2 - n - 1. Let q be m(-4). Let o(f) = 3*f + 21. Let p be o(q). What is the highest common divisor of p and 30?
30
Let j(u) = u**3 - 12*u**2 + 14*u - 13. Let k be j(11). Suppose -k*w - 500 = -22*w. What is the greatest common divisor of w and 10?
10
Let a(c) = -c**3 + 8*c**2 + 8*c + 11. Let w be a(9). Suppose 5*m - 4*f = 87, f + w*f + 24 = m. What is the greatest common factor of m and 3?
3
Let d be (-28)/49 + 558/21. Calculate the greatest common factor of d and 1066.
26
Let i(r) = r**3 - r**2 + r + 4. Let k be i(3). Let b be (14/3 + -4)*300. What is the greatest common factor of k and b?
25
Let x(s) = -s**3 - 11*s**2 - 13*s - 67. Let v be x(-13). Calculate the highest common factor of v and 55.
55
Let t(o) = o + 1. Let j be t(0). What is the greatest common factor of 13 and j?
1
Let j be (-45)/9*9/(-3). Calculate the highest common divisor of 120 and j.
15
Let u(n) = -2*n**2 + 17*n + 3. Let g be u(6). What is the greatest common divisor of 33 and g?
33
Suppose -2*j = -5*r + r - 132, -3*j - 3*r + 180 = 0. Suppose 0 = 2*b - 2 - 0, -4*y = -2*b - j. What is the greatest common divisor of y and 96?
16
Let p be (5 - (25 + -1))*-1*2. Calculate the highest common divisor of 19 and p.
19
Suppose -6 = -5*a + 29. Suppose 4 = -k + a. Let n(z) = -z**2 + 13*z + 5. Let c be n(11). What is the highest common divisor of c and k?
3
Suppose 5*g = -2*j + 1062, 852 = 4*g - 0*j + j. Suppose 7*n - g = 66. Calculate the greatest common factor of n and 16.
8
Let t = -981 + 1015. Calculate the highest common factor of 2754 and t.
34
Let p be 3 + (13348/14 - 36/(-63)). Calculate the highest common factor of 87 and p.
87
Suppose -23*z + 379 = 103. Calculate the greatest common divisor of z and 504.
12
Let n = -1145 + 1337. Calculate the highest common factor of n and 504.
24
Let i(s) = 9*s**3 - 5*s**2 + 8*s - 18. Let c be i(4). Calculate the highest common divisor of 306 and c.
102
Suppose 5*m - 4*m = 2. Suppose -m*z = z. Suppose 244 = 3*x + 4*f, z*x - 163 = -2*x - 3*f. Calculate the greatest common factor of 16 and x.
16
Let z be (20/(-6))/((-2)/42). Suppose 0 = 6*s - 4878 + 4668. What is the greatest common factor of z and s?
35
Suppose -b = -5 - 13. Let h be (2/(-3))/(b/(-81)). Suppose -2*k - h*k = -3*y + 285, -2*k = -4*y + 394. What is the highest common factor of y and 10?
10
Let l(d) be the first derivative of -2*d**2 - 7*d + 6. Let y be l(-8). What is the greatest common factor of 125 and y?
25
Let j(h) = h**2 - 5*h - 4. Let o be j(8). Let i(a) = -55*a + 30. Let m be i(-2). Calculate the greatest common factor of m and o.
20
Suppose -183*o + 187*o - 128 = 0. Calculate the greatest common factor of o and 992.
32
Suppose 44 = 3*d - 124. Suppose -5*y - 11 = 5*w - 96, 2*w + 5*y = 43. What is the highest common factor of d and w?
14
Suppose 3*c + 2*c - 70 = 0. Let b be (-6)/(-9)*(-2 + 26). Let s = 82 + b. What is the greatest common divisor of s and c?
14
Suppose -2*n - 62 = -3*n + 4*t, 3*n - 3*t = 150. Let g be 114 + (0 + 4 - 3). Calculate the greatest common factor of n and g.
23
Suppose 4645*p = 4649*p - 2080. What is the highest common factor of 2 and p?
2
Let p be (-29)/4 + (-4)/(-16). Let b = 11 + p. What is the highest common factor of b and 1?
1
Let m(n) = -11*n - 137. Let j be m(-14). What is the highest common divisor of 136 and j?
17
Let j(r) = -59*r - 638. Let p be j(-32). What is the greatest common factor of 50 and p?
50
Let l = -808 - -859. What is the highest common factor of l and 6?
3
Suppose -4*a + 96 = 3*k, a = 3*k - 152 + 41. What is the highest common divisor of k and 63?
9
Let t be (36/10)/((-16)/(-120)). Suppose t = 3*q - 9. What is the highest common divisor of 96 and q?
12
Let j be (-1432)/(-6) + 4/(-6). Let n = -984 - -1018. Calculate the greatest common factor of j and n.
34
Let p(c) = c**3 + 3*c**2 - 3*c - 5. Let n be p(5). Suppose 19 = t + k, 0*k + 39 = 2*t + k. Calculate the highest common divisor of n and t.
20
Let c = -1047 + 1385. Calculate the greatest common factor of 130 and c.
26
Let f be (-460)/(-8) + 2/(-4). What is the highest common factor of f and 114?
57
Let x = 718 - 660. What is the greatest common factor of x and 145?
29
Let d(s) = 8*s + 1. Let l be d(-2). Let m = 56 - 41. Let c be m/(0 + (-3)/l). What is the highest common divisor of 15 and c?
15
Let p = -292 + 299. Calculate the greatest common factor of 112 and p.
7
Let y(s) = -s**3 - 2*s**2 + 24*s + 145. Let z be y(-6). Calculate the greatest common divisor of z and 203.
29
Let l = 232 - 330. Let z be (-7)/(l/24)*7. Calculate the greatest common divisor of z and 48.
12
Suppose -5*i + z + 104 = 0, -i = -z - z - 28. Let s = -271 + 493. Let j = s - 122. What is the highest common factor of j and i?
20
Let o = -235 + 352. Suppose -5*w = 2*d - 36, -5*d - 3*w + o - 27 = 0. Calculate the highest common divisor of d and 18.
18
Let f be 1/(-2) + 1/(-2). Let y be -3 + (-20)/(-5) - 53*f. What is the highest common factor of 6 and y?
6
Suppose m - 2 + 0 = 0. Suppose 0 = m*j + 5*v + 17, -4*j = -0*v + 2*v + 26. Let l be 8/(-6)*27/j. Calculate the greatest common factor of l and 66.
6
Let x be 6/(1 + 0) + -3. Let v(m) be the first derivative of -m**2 + 9*m - 23. Let t be v(0). What is the highest common factor of x and t?
3
Let q(a) = 1033*a**3 + a**2 - 3*a + 1. Let h be q(1). Calculate the highest common factor of 24 and h.
24
Suppose -g = -n + 429, -g + 3*g = -2*n + 870. Calculate the highest common factor of 96 and n.
48
Let i = 13 + -15. Let d be (i + 2 - -1)*49. Calculate the highest common divisor of 7 and d.
7
Suppose -6*s + 68 = -40. Suppose 4*d - d - 2*h - 100 = 0, -3*d + 112 = h. Calculate the highest common factor of d and s.
18
Suppose 944 + 1344 = 13*r. Calculate the greatest common divisor of r and 11.
11
Suppose -j = 3*r - 9, 13 = -0*j + 5*j - r. Suppose -j*a + 2*a + 17 = 0. Suppose -271 = -5*l - 16. Calculate the highest common factor of a and l.
17
Let g(u) = u**2 + 5*u - 18. Let m be g(-7). Let t(f) = -f**3 - f**2 + 7*f - 11. Let o be t(m). Calculate the highest common factor of o and 27.
9
Let r(b) = 3*b**2 - 11*b + 37. Let h(f) = -2*f**2 + 11*f - 38. Let l(p) = 5*h(p) + 4*r(p). Let m be l(-13). Calculate the highest common divisor of 9 and m.
9
Suppose 2*o + 1444 = 5*l, -3*l + 496 = -o - 371. Calculate the greatest common divisor of l and 30.
10
Suppose 5*t - 7*o = 647 + 73, -o + 5 = 0. Calculate the greatest common factor of t and 1.
1
Let s be 12/(-10)*1650/(-90). Calculate the highest common divisor of s and 2398.
22
Let q = 49 - -276. Calculate the greatest common factor of q and 65.
65
Let p(b) = 29*b - 60. Let g be p(3). Calculate the highest common divisor of g and 108.
27
Suppose 200 = 26*k - 21*k. Let t = k - 34. Calculate the greatest common factor of t and 54.
6
Suppose 3*q - k = 117, 0*q - 3*q - 4*k = -117. Let s be 26/4*12 + 0. Calculate the highest common factor of q and s.
39
Suppose -8 = -0*s - 2*s. Suppose -3*p + s = -8. What is the highest common factor of p and 44?
4
Suppose 9*v + 5115 = 32340. What is the highest common divisor of 25 and v?
25
Suppose 42 = -0*v + 6*v. Suppose 0 = q - 0*q - v. Calculate the highest common factor of q and 77.
7
Let a = -388 - -399. Calculate the highest common factor of 88 and a.
11
Suppose -5*f + 593 = l, 5*l - 35*f = -32*f + 3021. What is the greatest common factor of 67 and